y - k = -v, -2*v + 130 = 4*y. Let g = 13 + v. Does 14 divide g?
True
Let h = -7 + 14. Suppose s + 8 = 14. Suppose s*w + 30 = h*w. Is w a multiple of 26?
False
Does 55 divide 10284/8 - (-66)/44?
False
Let w = 8 + -9. Let c be 3/w + 1 - -4. Suppose 4*d + k = 70 - 14, c*k + 57 = 5*d. Is 6 a factor of d?
False
Suppose 5*s - 67 + 22 = 0. Suppose 405 = s*w - 459. Is w a multiple of 6?
True
Does 6 divide 52/(-104) - (-2 + (-391)/2)?
False
Let l = 16 + -12. Suppose -z - 443 = -l*u + 2*z, 2*u - 221 = z. Is 14 a factor of u?
False
Suppose 4*z = -z + m - 2014, 0 = m + 1. Let d = z + 232. Let i = d + 263. Is 22 a factor of i?
False
Suppose -3*i = -2*k - 1 + 4, 0 = k + 5*i - 8. Suppose 2*h + 3 = -k. Let o = h + 16. Is 7 a factor of o?
False
Suppose 3*v = 2*q + 1502, 2*q + 1205 = 4*v - 799. Is v a multiple of 4?
False
Let c(q) = 2*q + 23. Let b be c(-8). Suppose b*p = p + 96. Does 6 divide p?
False
Suppose 137*n + 462 = 139*n. Does 2 divide n?
False
Let h(m) = -3*m**3 + m**2 + 84. Is h(-6) a multiple of 48?
True
Let z = 242 - 56. Is z a multiple of 62?
True
Suppose -12 = 2*n - 0*n. Let q(r) = -5*r - 14. Does 16 divide q(n)?
True
Let a = 26 - 14. Let b(z) = 2 - 6 - 12*z**2 - 1 + 3*z + z**3. Is 11 a factor of b(a)?
False
Is 364 - (-5 + (3 - 1)) a multiple of 34?
False
Let q = -74 - -74. Suppose k + 4*k - 715 = q. Is 8 a factor of k?
False
Suppose -385 = -7*x + 1463. Is x a multiple of 22?
True
Let m = 2646 + -1446. Is 39 a factor of 3/2*(4 - m/(-9))?
False
Let w = -128 - -58. Let r = w - -73. Is r a multiple of 3?
True
Suppose -22 = 5*q + 8. Let v be 4/q + 66/18. Suppose -7*g = -v*g - 24. Is g even?
True
Let k(v) = 13*v**3 - 3*v**2 + 4*v - 1. Let w(p) = -3*p + 47. Let o be w(15). Is 12 a factor of k(o)?
False
Suppose 2*p = -12 + 10, 3 = 3*x + 3*p. Suppose 0 = 4*o + 3*g - 192, x*o - 96 = -5*g + g. Is 17 a factor of o?
False
Suppose -9*b = -13*b + 120. Is (b/(-9) - (-4 - -1))*-42 a multiple of 5?
False
Does 21 divide 1454 + 20/(-6)*81/54?
True
Suppose -4*c = -0*c - 780. Is 15 a factor of c?
True
Does 13 divide (-302170)/(-164) - 1/(-2)?
False
Let x = 248 - 226. Is x a multiple of 2?
True
Suppose 0 = -2*m - 1 + 25. Let x(c) = -5*c**2 + 5*c + 16. Let q(k) = 4*k**2 - 7*k - 14. Let f(r) = -4*q(r) - 3*x(r). Is 12 a factor of f(m)?
False
Suppose -4*k + 2*w = 1 - 19, -18 = -2*k + 4*w. Suppose 5*q - 4*j - 22 = 202, j = -k*q + 148. Is q a multiple of 16?
True
Let s be -4 + (30 - -1)*-1. Let h = 46 + s. Does 11 divide h?
True
Suppose 4*s - 6*s + 1808 = 4*r, 0 = 3*s - 3*r - 2703. Does 4 divide s?
False
Suppose 0 = 213*j - 202*j - 5500. Is j a multiple of 5?
True
Does 17 divide 12/(-102) - -1083*100/85?
False
Let c(q) = q**3 + 10*q**2 - 13*q - 6. Let u be c(-11). Let w(t) = 18*t**3 - 2*t + 0 - 2*t**2 + 3 - u*t**3. Does 13 divide w(4)?
True
Let a(b) = -4*b + 24 - 2*b + 2*b + b. Does 8 divide a(-8)?
True
Let t(r) = -r**3 - 10*r**2 + 3*r - 24. Let z(m) = -m**2. Let u(k) = -t(k) - z(k). Is u(-10) a multiple of 19?
False
Is 11 a factor of (-954)/3*(-5)/2?
False
Let q(z) = 5*z + 95. Does 8 divide q(-11)?
True
Let a(t) = 6*t + 4. Let n(w) = -7*w**3 - w**2 - w - 1. Let m be 10/(-8) + 5/20. Let g be n(m). Is a(g) a multiple of 20?
True
Let d = -139 + 298. Is d a multiple of 20?
False
Let w = 1420 - -52. Is w a multiple of 34?
False
Let q(a) = a**3 + 14*a**2 - 9*a - 16. Is 11 a factor of q(-14)?
True
Let w = -153 + 217. Let l(c) = 3*c - 1. Let g be l(2). Suppose -2*z + 24 = g*j, z + z - 5*j - w = 0. Is 12 a factor of z?
False
Does 49 divide -160*-3*(-56)/(-21)?
False
Let z(b) = b**3 + 7*b**2 - 2*b - 7. Suppose -4*x - 24 = 3*a + 13, 0 = -4*x + 4*a - 16. Let g be z(x). Suppose -g = 2*i - 21. Is i a multiple of 3?
False
Let t(a) = 43*a**2 - 11. Is t(5) a multiple of 56?
True
Suppose c = -4*c - 40. Suppose 199 = 9*j + 172. Let w = j - c. Is w a multiple of 5?
False
Let w(j) = -3 + j + 7*j**2 + 2*j**2 + 3*j**3 - 7*j**2. Is 9 a factor of w(3)?
True
Suppose -4*c - 3*x = -0*c - 2172, c = -4*x + 556. Is c a multiple of 54?
True
Suppose -2*f = 2*f + 108. Suppose 0 = -0*d - 3*d + 4*b + 179, -4*b + 33 = d. Let l = d + f. Is l a multiple of 7?
False
Suppose -3*j = 21 - 27. Let b(x) = x**2 - 2*x + 3. Let t be b(3). Does 13 divide (j + 11)*(t - 5)?
True
Let s = 4014 + -2679. Does 74 divide s?
False
Let c(q) = 11*q - 39. Let b be c(4). Let y = 14 - b. Is y a multiple of 4?
False
Let q(x) = 2*x**2 - 15*x - 17. Let p be q(13). Suppose -6*u = 30 - p. Suppose -u*h + 12*h = -348. Is h a multiple of 14?
False
Let g be 187/11 - (-2 - -2). Suppose 5*w + 0 = -4*q + 63, -3*q = w - g. Is w a multiple of 11?
True
Let b = -8 - -12. Suppose 7 = -b*o + 27. Suppose 2*k - 65 = -3*c, -3 = -o*k + 2. Is 7 a factor of c?
True
Is 6 a factor of (-18458)/(-231) + 4/42?
False
Is (7 + -1)/(0 - (-21)/574) a multiple of 10?
False
Let a = -22 + 20. Let z(r) = -3*r**3 - 5*r**2 + 1. Let i be z(a). Suppose 4*t + 225 = 3*b + 7, -i*b + 5*t + 355 = 0. Is 33 a factor of b?
True
Is (-226)/3955 - 86242/(-35) a multiple of 112?
True
Let w(u) = 975*u**3 + u**2 + u - 1. Let x be w(1). Suppose -7*a + x = a. Does 7 divide a?
False
Let l be (-4)/(-6) + 4480/21. Suppose 122 = -2*u + l. Does 7 divide u?
False
Suppose 10*g - 5*g = 1545. Let d = g - 132. Is 22 a factor of d?
False
Let f = -17 + 22. Suppose 0 = -f*b + 5, -2*z - 7*b + 71 = -2*b. Does 6 divide z?
False
Let l = -782 + 824. Does 2 divide l?
True
Let t(f) = 2*f**2 + 3*f + 22. Is t(-8) a multiple of 13?
False
Does 13 divide (4 + -3)/(2/4) - -479?
True
Let l be (1 + (-4 - -3))/(-2). Suppose 2*h - 3*h + 2 = l. Suppose h = -o + 83. Does 27 divide o?
True
Suppose 31*x - 14850 = -4930. Is 20 a factor of x?
True
Let v = 0 - 1. Is 17 a factor of 66 + (1/v - -3)?
True
Does 9 divide 1/3 - 144980/(-165)?
False
Let z(k) = 47*k - 170. Does 40 divide z(11)?
False
Let k = -211 + 976. Suppose 0 = 5*h - 3*x - k, -h - 9*x + 181 = -4*x. Does 39 divide h?
True
Let g = 36 - 31. Let o be (-55)/(-25) + (-1)/g. Suppose -3*t = -o*x + x - 23, -4 = -x. Is 2 a factor of t?
False
Let n = -32 - -58. Let d = -23 + n. Suppose d*q + 14 = 4*v, 0*v + 3*v + 2*q = 2. Is 2 a factor of v?
True
Let q(u) = -u**3 - u**2 + 3*u + 9. Let p be q(0). Let n be ((-400)/12)/((-3)/p). Suppose 5*l = -0*l + n. Does 20 divide l?
True
Suppose -35*b - 4 = -33*b. Let r(m) = 4*m**2 + 6*m + 6. Is r(b) a multiple of 10?
True
Let t(o) = 19 + 19*o - 30*o + 22*o. Does 12 divide t(7)?
True
Let a(j) = j + 14. Let b be a(-10). Suppose 5*g = -b*g - 378. Let l = 157 + g. Does 37 divide l?
False
Suppose 0*x = 4*u - 3*x - 711, 0 = -5*u + 5*x + 885. Is u a multiple of 4?
True
Suppose -20 = -4*q + 3*h, 5*q - 23 - 2 = 4*h. Suppose 3*x = -f + 17, q*f + 0*f + 4*x = 96. Is f a multiple of 6?
False
Let r(j) = -j**3 - 3*j**2 + 5*j + 5. Let f be r(-3). Let v = f - -12. Suppose 3*g = -v*a + 6, -g - a + 3 = 1. Is 2 a factor of g?
True
Let u(w) = -w - 35. Let k be u(0). Let r = -256 + 167. Let q = k - r. Is 18 a factor of q?
True
Let j be -1 - (-2 - (3 + -4)). Suppose 5*f - 20 = -j*f. Suppose 2*q - 5*q - 3*l = -66, -q = -f*l - 12. Is q a multiple of 10?
True
Let p(v) be the first derivative of -v**4/2 - v**3 - 3*v**2 - 10*v - 36. Does 7 divide p(-4)?
False
Let z(p) = -p**3 + 9*p**2 - 4*p - 4. Let l(f) be the third derivative of -f**5/60 - f**4/24 + 2*f**3/3 + 10*f**2. Let b be l(0). Does 11 divide z(b)?
False
Let k(l) = l + 10. Let y be k(0). Suppose 0*u - 2*u - y = 0, 84 = -m - 4*u. Is 0 + (-2 - m/4) a multiple of 13?
False
Let d(u) = 8*u - 31. Let q be d(6). Suppose 3*p + 18 = 2*a - q, -3*a + 2*p = -60. Does 6 divide a?
False
Let c = -189 - -124. Let f = c + 179. Is f a multiple of 16?
False
Let r(q) = 4*q**2 - 4*q + 5. Let w be r(3). Suppose 0 = 33*n - w*n - 312. Is n a multiple of 12?
False
Let u(v) = 184*v**2 - 2*v - 2. Is u(1) a multiple of 9?
True
Suppose 14 = -4*f + n - 12, -f - 3*n = 0. Let c(r) = -14*r - 34. Does 20 divide c(f)?
False
Let j(a) = a + 8. Let r be j(-7). Let k be (-6)/(-1 - 1)*r. Suppose -2*m + h = -14, 0 = -k*h + h. Is 7 a factor of m?
True
Let s(b) = -45*b - 569. Is 16 a factor of s(-45)?
True
Let u(t) = -197*t + 7. Does 34 divide u(-1)?
True
Suppose -5*q + 35 = -3*x, -5*x = 5*q - 85 + 10. Suppose -1004 - q = -13*g. Is g a multiple of 12?
False
Suppose -15*o + 2880 = -3*o. Is o a multiple of 5?
True
Is 20 a factor of ((-225)/30)/(12/(